?
False
Is 2055512576 a multiple of 8671?
True
Does 11 divide 205150?
True
Does 15 divide 4468920?
True
Does 3245 divide 143159665?
True
Is 216964578 a multiple of 926?
True
Is 4656284736 a multiple of 16?
True
Does 48 divide 7239265?
False
Is 741003561 a multiple of 355?
False
Does 6306 divide 299270148?
True
Is 19 a factor of 12004678?
False
Does 8 divide 350545512?
True
Is 103753643 a multiple of 3?
False
Is 25496096 a multiple of 32?
True
Does 1176 divide 26173384?
False
Is 85169440 a multiple of 16?
True
Is 741 a factor of 33749586?
True
Does 481 divide 3224017459?
True
Is 20 a factor of 75812914?
False
Does 18 divide 89802923?
False
Is 32 a factor of 41544480?
True
Does 548 divide 3426644?
True
Is 481250982 a multiple of 5127?
True
Is 39 a factor of 4573101?
True
Is 33 a factor of 7345707?
False
Does 1730 divide 136084335?
False
Is 12733197 a multiple of 73?
False
Is 21 a factor of 239280195?
True
Is 1533018 a multiple of 6?
True
Is 418431291 a multiple of 63?
False
Is 2780 a factor of 693138353?
False
Does 9 divide 166463418?
False
Does 25 divide 1544029475?
True
Does 1250 divide 617330?
False
Is 19 a factor of 23512364?
False
Does 17 divide 9794686?
True
Does 9 divide 425733183?
True
Is 579 a factor of 1893008888?
False
Is 428 a factor of 4504272?
True
Is 560855160 a multiple of 170?
True
Does 1924 divide 1936840776?
True
Is 100521327 a multiple of 534?
False
Is 7 a factor of 16102023?
True
Is 239 a factor of 239079587?
True
Does 19 divide 184342655?
True
Is 123494272 a multiple of 1408?
True
Is 10 a factor of 4019502?
False
Does 44 divide 29604608?
True
Does 22 divide 112658656?
True
Does 133 divide 38427731?
False
Is 532822680 a multiple of 1170?
True
Is 143 a factor of 77586509?
True
Does 93 divide 431161944?
False
Is 29 a factor of 21992005?
True
Is 116016670 a multiple of 15?
False
Does 45 divide 28343574?
False
Is 30872244 a multiple of 169?
True
Is 1280 a factor of 24836735?
False
Does 1834 divide 80442795?
False
Does 321 divide 8342169?
False
Is 135660002 a multiple of 7?
False
Is 176030992 a multiple of 344?
True
Does 224 divide 936585575?
False
Does 99 divide 1512154063?
False
Is 10 a factor of 2053874124?
False
Is 234487680 a multiple of 730?
True
Does 1818 divide 325623798?
True
Is 2 a factor of 11125797?
False
Is 8 a factor of 34537264?
True
Is 161 a factor of 2099048770?
True
Does 24 divide 259592358?
False
Is 1926 a factor of 175506701?
False
Does 42 divide 3263400?
True
Is 1009421941 a multiple of 53?
True
Does 23 divide 351748545?
True
Does 8957 divide 1818736764?
True
Does 19 divide 430387392?
True
Is 2979309 a multiple of 12?
False
Is 709 a factor of 525034147?
False
Is 8268475 a multiple of 11?
False
Does 2105 divide 44477243?
False
Does 234 divide 6974370?
True
Is 26597371 a multiple of 217?
False
Does 426 divide 99562590?
True
Does 38 divide 267988350?
True
Is 1519501440 a multiple of 960?
True
Is 1747 a factor of 297152603?
False
Is 8590248 a multiple of 24?
True
Is 78573110 a multiple of 385?
True
Is 13 a factor of 96348668?
True
Is 369 a factor of 746175195?
True
Is 1806310564 a multiple of 313?
False
Does 3264 divide 947144256?
True
Is 627 a factor of 179958134?
False
Does 162 divide 141282144?
True
Is 78965867 a multiple of 17?
True
Is 2001586545 a multiple of 4165?
True
Does 89 divide 26858954?
True
Does 145 divide 28743495?
True
Is 16159751 a multiple of 290?
False
Is 540537768 a multiple of 44?
False
Does 4228 divide 183699469?
False
Is 1079 a factor of 1248272441?
True
Does 1328 divide 726215472?
True
Does 12226 divide 690693062?
False
Is 272 a factor of 108008908?
False
Is 13 a factor of 492290737?
False
Is 871 a factor of 27867003?
False
Is 7 a factor of 1067900731?
False
Is 6373 a factor of 648672965?
False
Is 75382038 a multiple of 1444?
False
Is 548 a factor of 62856696?
True
Is 36307170 a multiple of 18?
True
Does 2 divide 31174323?
False
Does 35 divide 50341725?
True
Is 13 a factor of 417871749?
False
Is 86954412 a multiple of 76?
True
Is 3688052646 a multiple of 38?
True
Is 31 a factor of 898312606?
True
Does 18 divide 906282?
True
Is 16418535 a multiple of 271?
True
Is 5 a factor of 29824598?
False
Is 345140552 a multiple of 376?
True
Is 45 a factor of 6886845?
True
Is 477 a factor of 329745330?
True
Is 399 a factor of 26407858?
False
Does 1845 divide 63857295?
True
Is 52 a factor of 1521443?
False
Is 4563900 a multiple of 15?
True
Is 34 a factor of 2599402?
True
Is 834 a factor of 48305280?
True
Does 35 divide 307894685?
True
Is 6090918737 a multiple of 66?
False
Does 27 divide 566483216?
False
Does 113 divide 6426423?
True
Is 19 a factor of 6931487033?
True
Is 525 a factor of 101034675?
True
Is 2973233764 a multiple of 28?
False
Does 6 divide 2754895979?
False
Is 47 a factor of 29998720?
False
Is 16218686 a multiple of 2145?
False
Does 7 divide 82731299?
True
Is 279 a factor of 653766398?
False
Is 4 a factor of 316768?
True
Is 39901596 a multiple of 2174?
True
Does 42 divide 23139270?
True
Is 277 a factor of 609491964?
True
Does 69 divide 75668367?
True
Is 645230467 a multiple of 4?
False
Does 2369 divide 109300922?
True
Is 41 a factor of 180151335?
True
Is 30368309 a multiple of 13?
False
Does 14 divide 30806972?
True
Is 2675 a factor of 13401750?
True
Does 5 divide 329539900?
True
Is 158406313 a multiple of 7?
False
Does 102 divide 311873457?
False
Is 13 a factor of 48800531?
True
Is 17351660 a multiple of 670?
True
Does 31 divide 3460667?
False
Does 124 divide 1363895840?
True
Does 4 divide 20661287?
False
Does 2 divide 3290509?
False
Does 881 divide 107272322?
True
Is 87943368 a multiple of 6?
True
Is 851 a factor of 138144167?
False
Does 9 divide 26228574?
True
Is 485760 a multiple of 33?
True
Does 3098 divide 5329895801?
False
Does 1954 divide 109349748?
True
Does 243 divide 40118504?
False
Is 33307525 a multiple of 61?
True
Does 47 divide 236692193?
False
Is 2108741698 a multiple of 184?
False
Is 15618861 a multiple of 110?
False
Is 21 a factor of 92415177?
False
Is 165 a factor of 15241620?
False
Is 190 a factor of 275663431?
False
Is 106 a factor of 109101348?
True
Is 191062416 a multiple of 16?
True
Does 2809 divide 224562696?
True
Is 10857294 a multiple of 18?
True
Is 1080653952 a multiple of 29?
False
Is 68913702 a multiple of 123?
True
Is 12 a factor of 1637496610?
False
Does 1210 divide 76939060?
True
Is 269252340 a multiple of 30?
True
Does 370 divide 13222320?
True
Does 193 divide 44623078?
False
Does 8 divide 33673504?
True
Is 42 a factor of 745512726?
True
Does 5 divide 69394721?
False
Does 54 divide 80991676?
False
Is 427 a factor of 120732041?
False
Is 592 a factor of 42381122?
False
Does 510 divide 32170800?
True
Is 188864985 a multiple of 1847?
True
Does 1276 divide 209764192?
True
Is 466488760 a multiple of 5?
True
Does 28 divide 170941525?
False
Is 216 a factor of 18429064?
False
Is 575 a factor of 120809225?
True
Is 75315176 a multiple of 13?
False
Does 683 divide 289837880?
True
Does 85 divide 773962491?
False
Is 16 a factor of 74094416?
True
Is 186722016 a multiple of 221?
True
Is 4674 a factor of 929892300?
True
Is 36597369 a multiple of 546?
False
Is 34 a factor of 130865430?
False
Is 139 a factor of 356480929?
True
Is 27845425 a multiple of 27?
False
Is 17 a factor of 189463154?
False
Is 43855110 a multiple of 18?
True
Is 427519928 a multiple of 11?
True
Is 5949158823 a multiple of 57?
False
Does 137 divide 39566992?
False
Is 54645654 a multiple of 21?
True
Does 709 divide 15900065?
False
Does 35 divide 14521780?
True
Does 215 divide 42940741?
False
Does 35 divide 50393155?
False
Does 50 divide 140533161?
False
Does 3330 divide 162530403?
False
Is 3485924 a multiple of 86?
True
Does 11 divide 61567539?
True
Is 1996 a factor of 15684568?
True
Is 210982036 a multiple of 7?
False
Is 73 a factor of 1447132209?
False
Is 124052010 a multiple of 131?
False
Is 670176300 a multiple of 149?
False
Does 169 divide 271704761?
False
Is 119168416 a multiple of 296?
True
Is 945 a factor of 30738389?
False
Is 34828648 a multiple of 8?
True
Does 5160 divide 2383527594?
False
Is 36160968 a multiple of 327?
True
Is 584 a factor of 920387504?
True
Is 15 a factor of 854195160?
True
Is 9 a factor of 68390946?
True
Is 289440800 a multiple of 248?
True
Is 12 a factor of 129608059?
Fal